158 is divided by 19?
17
What is the remainder when 1355844 is divided by 1035?
1029
What is the remainder when 1207525 is divided by 4013?
3625
Calculate the remainder when 1298965 is divided by 587.
521
What is the remainder when 5604713 is divided by 29?
28
Calculate the remainder when 413967 is divided by 50.
17
What is the remainder when 804770 is divided by 398?
14
Calculate the remainder when 3766684 is divided by 1255134.
1282
What is the remainder when 2156959 is divided by 30379?
50
What is the remainder when 454890 is divided by 878?
86
What is the remainder when 1037847 is divided by 2456?
1415
What is the remainder when 229927 is divided by 114954?
19
Calculate the remainder when 1002560 is divided by 388.
356
What is the remainder when 7564578 is divided by 198?
186
Calculate the remainder when 1759986 is divided by 879969.
48
Calculate the remainder when 882784 is divided by 1556.
532
What is the remainder when 1696664 is divided by 154227?
167
What is the remainder when 718457 is divided by 89748?
473
Calculate the remainder when 965305 is divided by 4611.
1606
Calculate the remainder when 189392358 is divided by 40.
38
What is the remainder when 17340194 is divided by 133386?
14
Calculate the remainder when 59498544 is divided by 2934.
2892
Calculate the remainder when 5266597 is divided by 1755531.
4
Calculate the remainder when 1481533 is divided by 4.
1
Calculate the remainder when 320840 is divided by 420.
380
Calculate the remainder when 16560761 is divided by 61.
54
Calculate the remainder when 4008465 is divided by 572629.
62
What is the remainder when 1896279 is divided by 21796?
27
Calculate the remainder when 12095791 is divided by 6047885.
21
Calculate the remainder when 1404767 is divided by 10723.
54
What is the remainder when 25292773 is divided by 53?
7
Calculate the remainder when 72129 is divided by 2061.
2055
Calculate the remainder when 250760750 is divided by 11.
9
Calculate the remainder when 2911458 is divided by 57.
12
What is the remainder when 93823 is divided by 15349?
1729
Calculate the remainder when 975800 is divided by 453.
38
What is the remainder when 4127061 is divided by 1031762?
13
What is the remainder when 336409 is divided by 112095?
124
Calculate the remainder when 237456 is divided by 393.
84
Calculate the remainder when 19088716 is divided by 103743.
4
What is the remainder when 235051 is divided by 1064?
971
Calculate the remainder when 4919412 is divided by 4919407.
5
What is the remainder when 119323 is divided by 119303?
20
Calculate the remainder when 99150511 is divided by 12.
7
What is the remainder when 528047 is divided by 144?
143
What is the remainder when 475477 is divided by 237732?
13
What is the remainder when 90976 is divided by 497?
25
What is the remainder when 41821 is divided by 31939?
9882
Calculate the remainder when 1396839 is divided by 171.
111
What is the remainder when 195550 is divided by 38013?
5485
Calculate the remainder when 112114 is divided by 12424.
298
Calculate the remainder when 242297870 is divided by 2067.
2063
What is the remainder when 4030967 is divided by 685?
427
Calculate the remainder when 78652377 is divided by 55.
12
Calculate the remainder when 15000886 is divided by 42.
40
Calculate the remainder when 17899842 is divided by 2983280.
162
What is the remainder when 30728 is divided by 30615?
113
What is the remainder when 103122622 is divided by 747?
19
What is the remainder when 1739486 is divided by 4884?
782
What is the remainder when 2912321 is divided by 834?
827
What is the remainder when 63715 is divided by 783?
292
Calculate the remainder when 13245629 is divided by 13245627.
2
Calculate the remainder when 17270462 is divided by 322.
314
Calculate the remainder when 48212 is divided by 702.
476
Calculate the remainder when 157635 is divided by 951.
720
Calculate the remainder when 84148 is divided by 84006.
142
What is the remainder when 513896 is divided by 555?
521
Calculate the remainder when 378869 is divided by 17221.
7
What is the remainder when 7878 is divided by 412?
50
Calculate the remainder when 1930084 is divided by 5660.
24
What is the remainder when 116725 is divided by 35?
0
What is the remainder when 404667709 is divided by 64?
61
What is the remainder when 3876189 is divided by 1292007?
168
What is the remainder when 165695 is divided by 23613?
404
Calculate the remainder when 2338215 is divided by 4743.
4659
What is the remainder when 2431608 is divided by 650?
608
What is the remainder when 2528421 is divided by 87186?
27
Calculate the remainder when 12283886 is divided by 285.
101
Calculate the remainder when 2122635 is divided by 1061287.
61
Calculate the remainder when 38249353 is divided by 8412.
8401
Calculate the remainder when 142391 is divided by 161.
67
Calculate the remainder when 113509 is divided by 113480.
29
What is the remainder when 16967017 is divided by 40?
17
What is the remainder when 1275532 is divided by 141710?
142
Calculate the remainder when 22520168 is divided by 10.
8
Calculate the remainder when 131463 is divided by 65216.
1031
Calculate the remainder when 107054887 is divided by 358.
357
Calculate the remainder when 31453 is divided by 33.
4
What is the remainder when 14253902 is divided by 10535?
47
Calculate the remainder when 1824213500 is divided by 11.
10
What is the remainder when 13490 is divided by 859?
605
Calculate the remainder when 5589046 is divided by 760.
6
What is the remainder when 16251195 is divided by 44769?
48
What is the remainder when 6497904 is divided by 6511?
6437
What is the remainder when 2335838 is divided by 6115?
6023
What is the remainder when 941002 is divided by 470465?
72
What is the remainder when 13001165 is divided by 5?
0
Calculate the remainder when 525871 is divided by 13483.
34
What is the remainder when 1070456 is divided by 97314?
2
What is the remainder when 19040469 is divided by 1044?
1041
Calculate the remainder when 1883843 is divided by 43806.
185
What is the remainder when 17173 is divided by 6?
1
What is the remainder when 70015754 is divided by 223?
221
Calculate the remainder when 14447853 is divided by 4101.
30
Calculate the remainder when 442147 is divided by 6314.
167
Calculate the remainder when 1540185 is divided by 17.
2
What is the remainder when 44959 is divided by 165?
79
Calculate the remainder when 6833694 is divided by 5047.
56
Calculate the remainder when 1652012 is divided by 550266.
1214
Calculate the remainder when 25648530 is divided by 288.
114
Calculate the remainder when 274984 is divided by 130343.
14298
Calculate the remainder when 13701653 is divided by 6733.
6731
Calculate the remainder when 80019676 is divided by 4218.
4216
Calculate the remainder when 625376 is divided by 44658.
164
Calculate the remainder when 2037743 is divided by 27.
26
What is the remainder when 945892777 is divided by 35?
32
Calculate the remainder when 37071 is divided by 1481.
46
Calculate the remainder when 6595 is divided by 179.
151
What is the remainder when 3222 is divided by 3216?
6
What is the remainder when 388067440 is divided by 15207?
7
What is the remainder when 7565042 is divided by 1368?
2
What is the remainder when 748433 is divided by 97?
78
Calculate the remainder when 19928194 is divided by 104335.
209
What is the remainder when 1310067 is divided by 501?
453
Calculate the remainder when 1518050 is divided by 114.
26
What is the remainder when 8176657 is divided by 29307?
4
Calculate the remainder when 75147 is divided by 3568.
219
Calculate the remainder when 1826183 is divided by 786.
305
Calculate the remainder when 31784559 is divided by 170.
169
Calculate the remainder when 54901903 is divided by 3909.
3907
Calculate the remainder when 13307352 is divided by 48.
24
Calculate the remainder when 1557184 is divided by 229.
213
What is the remainder when 6199658 is divided by 1410?
1298
Calculate the remainder when 85710 is divided by 3174.
12
What is the remainder when 13836 is divided by 4222?
1170
What is the remainder when 65483 is divided by 21672?
467
What is the remainder when 46513077 is divided by 156084?
45
Calculate the remainder when 656712 is divided by 9121.
0
Calculate the remainder when 23607